 0. Let b be h(-5). Suppose -2*j + b = -j. Is j composite?
True
Is -1*8/16 - 29574/(-4) a composite number?
False
Let p = 292 + -147. Is p composite?
True
Let h = 249 - -266. Is h a composite number?
True
Suppose 155 = 3*l - 82. Is l composite?
False
Let t be 4 + 0/(-1) + 0. Suppose -4*m - 3*p = -317, -146 = -2*m - t*p - 0*p. Is m a prime number?
True
Let d(f) = 3*f**3 + 6*f**2 - 8*f + 4. Let o(n) = n**3 + 3*n**2 - 4*n + 2. Let b(a) = 3*d(a) - 7*o(a). Is b(3) a composite number?
False
Suppose 0*d + d = 18. Suppose 0 = -d*l + 20*l - 218. Is l a composite number?
False
Let l(u) = -2*u**2 - 2*u + 2. Let n be l(-2). Let d(z) = -15*z + 1. Is d(n) prime?
True
Let x = 16 - 9. Is (14 - -1)/(7/x) a composite number?
True
Suppose 183 = 3*p - 252. Is p composite?
True
Let y = 1547 - -500. Is y a prime number?
False
Let v = -3405 - -6244. Is v a prime number?
False
Let q(f) = -f - 1. Let x(c) = -6*c - 42. Let b(s) = 5*q(s) - x(s). Is b(0) a prime number?
True
Suppose 0*k + 1 = -4*j - k, k = -j + 2. Is 5 + -2 - (-157 + j) a composite number?
True
Let x(m) = -m**2 - 5*m - 4. Let f be x(-3). Suppose 0 = 2*w + f + 2. Is (23 + w)/(2 + -1) a prime number?
False
Let b = 2 - 4. Let r be 2 + 12*2 - b. Suppose x = r + 59. Is x a prime number?
False
Let n = 5 - 1. Suppose 0 = -5*u - j + 279, 103 = 2*u + n*j - 23. Is u a composite number?
True
Is 103/1 - (-4 - -1) a composite number?
True
Let g(q) be the first derivative of 0*q + 46/3*q**3 - 1/2*q**2 - 5. Is g(-1) prime?
True
Let q(f) be the third derivative of 1/24*f**4 + 0 + 1/60*f**5 + f**2 + 19/6*f**3 + 0*f. Is q(0) prime?
True
Let c(o) = 1914*o**3 - 2*o**2 - o + 2. Is c(1) composite?
False
Let b(v) = -4*v**2 - 6*v + 1. Let c(l) = 11*l**2 + 19*l - 2. Let y(q) = 8*b(q) + 3*c(q). Let h be y(-8). Let a(u) = -u**3 - 2*u**2 + 2*u - 5. Is a(h) prime?
True
Suppose -4*t + 6*t = 254. Suppose 2*v - t = -17. Is v a composite number?
True
Suppose 3*q - 6*q = -216. Suppose -d = -2*d - q. Let b = -26 - d. Is b a prime number?
False
Let c = -193 - -288. Is c a prime number?
False
Let l be (0 - 1) + -2 + 5. Suppose -h - 31 = -l*h. Is h a composite number?
False
Let c(o) = -o**2 - o + 1. Let b be c(-2). Let u be 6/3 - (-1 - b). Suppose 3*v + 2*l = 71, 2*v - v - 25 = -u*l. Is v a composite number?
False
Let t = 171 - -160. Is t a composite number?
False
Let f(u) = 136*u**2 - 4*u - 11. Is f(-6) a prime number?
True
Suppose -334 + 929 = 5*o. Is o prime?
False
Let o(l) = -9*l - 39. Is o(-18) a prime number?
False
Suppose -5*c - 1 = -2*l, -c + 0*c + 3*l - 8 = 0. Let o be (6 + -4)/(1/c). Suppose -t - f + 37 = 0, 0*t - 72 = -o*t - f. Is t prime?
False
Suppose -2*j - j = 2*g - 5884, -2 = -j. Is g a prime number?
True
Let a be 3*(9 + -1 + -2). Suppose -3*m + a = 5*l, -2*m - 6 = -3*l + 1. Suppose 2*g - 74 = -2*r, -l*g = 2*g - r - 191. Is g a composite number?
True
Let h be 30/9*(-3)/(-2). Let x = -15 + 25. Suppose -h*n + x + 60 = 0. Is n a prime number?
False
Let i = 1303 - -348. Is i a composite number?
True
Let o(a) = -a**2. Let v be o(0). Suppose x - 123 = f, 2*f + 3*f + 20 = v. Is x a composite number?
True
Let f(t) = t**3 - 2*t**2 - 3*t + 2. Let a be f(3). Suppose -o = -a*o + 19. Is o prime?
True
Suppose 2*p + 6 = -38. Is (-3186)/p - 6/(-33) a prime number?
False
Let f(j) = 75*j**2 + 2*j + 7. Is f(-2) a prime number?
False
Suppose d - 5*d + t + 7797 = 0, 0 = -2*d + 4*t + 3902. Is d a prime number?
True
Is 128 - (3 + (-9 - -3)) composite?
False
Suppose -310 = b - 6*b. Let t = b + 5. Is t a composite number?
False
Suppose -k + 124 = k. Suppose -3*c + 22 + k = 0. Suppose 2*s - c = -0*s + h, -3*h - 45 = -3*s. Is s a composite number?
False
Suppose i = 5*r - 1865, -r = -i + 45 - 418. Is r prime?
True
Suppose -9*n = -3*n + 4086. Suppose y + 7*b = 3*b - 340, -3*y - 5*b - 1020 = 0. Let i = y - n. Is i composite?
True
Is 88227/21 + 8/(-28) prime?
True
Suppose 0 = -2*k + 7 + 13. Let q = k - -12. Is q composite?
True
Let j(o) be the third derivative of -o**5/60 - o**4/24 + 85*o**3/6 - o**2. Suppose 0*k = 3*k. Is j(k) a prime number?
False
Let f = 7 - 7. Suppose f = -5*n - 2*d + 939, 117 + 68 = n - d. Is n a prime number?
False
Suppose 2*m - 3*m + 527 = 0. Is m a prime number?
False
Let g = -63 + 30. Let s = g - -55. Is s composite?
True
Let o(z) = -520*z**3 + z**2 + 2*z + 2. Is o(-1) a composite number?
False
Suppose -5*c + 3747 = 4*d, 4*c = -7*d + 2*d + 2994. Is c a composite number?
False
Let p(m) = m**2 - 5*m + 6. Let i be p(6). Let c be ((-9)/(-3))/(i/(-632)). Let d = c - -289. Is d composite?
False
Suppose -4*g + 300 = -56. Suppose -g = -5*u + 96. Is u a prime number?
True
Let a = 4 + -5. Let c be (0 + a)*(-2 + 2). Suppose c*b + 5*b = 95. Is b a prime number?
True
Suppose 4*p - 19 = 189. Suppose 8 = 2*w - p. Suppose -k + j = -14, -2*k + w = -j - 3*j. Is k prime?
True
Let p(w) = -w**3 - 2*w**2 + 2*w - 3. Let d be p(-3). Let j(z) = d - 4*z + 11*z - 2. Is j(7) a prime number?
True
Let j(c) = c**2 + 3*c + 5. Is j(9) a composite number?
False
Is 3 - -10*(-1 + (-4 - -58)) a prime number?
False
Let b be 6/(-2 - (-2 + 1)). Let k(w) = -w**2 - 7*w - 1. Let n be k(b). Is 1/n - (-4578)/35 prime?
True
Let r(o) = -o**3 + 12*o**2 - 2*o - 7. Is r(8) a composite number?
False
Let k(x) = 31*x + 5. Let a be k(5). Let r = a + -38. Let i = -75 + r. Is i a composite number?
False
Let d = 107 - -189. Is (-2 - 1) + d - -2 composite?
True
Suppose -3*i = 5*z + 5, z = -0*z - i - 1. Is z + (-4)/2 + 56 prime?
True
Let h(j) = 3*j**2 + 11*j - 17. Is h(13) prime?
False
Suppose -5*b + 69 = -96. Is b a composite number?
True
Suppose -x - 8 = -5*x. Is (-325)/(-2) - 3/x a composite number?
True
Suppose -8*x = -5*x - 165. Is x prime?
False
Let q(v) = v**3 - 6*v**2 + 5*v + 5. Let l be q(5). Let x = 0 + l. Suppose x*a = 1016 - 61. Is a a composite number?
False
Let n = 452 + -199. Let i = n - 134. Is i a composite number?
True
Suppose 0*m - 3*m = -633. Is m composite?
False
Let q = 269 + 194. Is q composite?
False
Let y(t) = 3 - 8 + 6*t - 2*t. Let z(m) = 6*m**2 - m + 1. Let n be z(1). Is y(n) prime?
True
Let r(y) = y**3 - 6*y**2 + y - 6. Let g be r(6). Suppose g*c = c - 13. Is c composite?
False
Suppose -t = -3*t + 6. Let m = t - -4. Is m composite?
False
Suppose z - 2*y - 1249 = 0, 4*y - 7*y + 6310 = 5*z. Is z a composite number?
False
Suppose 2*a - 4*a = 12. Is a/(6/(-2))*13 prime?
False
Suppose -p - 4*y + 4 = 22, 5*p - 6 = 4*y. Let c be p/(-4) + (-889)/(-14). Let i = c - 33. Is i a prime number?
True
Suppose 3 - 23 = 4*d + 4*f, -9 = 2*d + 3*f. Let z be (-2 - 14/d)*0. Suppose -3*m - 68 = -5*y, z*m - 4*m = y - 9. Is y a prime number?
True
Is (-18)/30 + (-1)/5*-338 a composite number?
False
Let u(z) = 143*z. Let o be u(2). Let y = -95 + o. Is y a prime number?
True
Suppose 4459 = 4*j - 5*y - 15698, -5008 = -j - 5*y. Is j prime?
False
Suppose 2*l - 871 = -w, -2*l = 5*w - 2791 - 1556. Is w composite?
True
Let l = 3168 - 2165. Is l prime?
False
Suppose -4*b = -613 - 1375. Is b a prime number?
False
Suppose s + 0*p - 660 = p, -5*s - p + 3294 = 0. Is s a composite number?
False
Let q = -415 + 1046. Is q a prime number?
True
Suppose -n - 1285 = -p, -4*p = 3*n - 6743 + 1624. Is p composite?
True
Suppose 0 = 13*x - 8*x - 4385. Is x a prime number?
True
Is (-625)/(-7) - (-4)/(-14) a prime number?
True
Suppose 0*a - 4*a = 2*c - 2710, -5*c = 2*a - 6799. Is c composite?
False
Let v(p) = -10*p + 1. Let u be v(-6). Let c = u + -43. Is (-10)/45 - (-1606)/c prime?
True
Suppose -l + k = -3 + 5, 3*l - 5*k = 0. Let j = 2 - l. Is j prime?
True
Suppose 12*o = 8*o + 24. Let b(k) = k**3 - 2*k**2 + 7*k - 9. Let v be b(o). Let p = -82 + v. Is p prime?
False
Let z(f) = -f**2 + 9*f - 6. Let h be z(9). Let i = h - -45. Is i composite?
True
Is 134/1 - (2 + 0 - -1) composite?
False
Let b(u) = u**3 + 8*u**2 + 7*u - 7. Let d be b(-7). Let o = d - -10. Is o a prime number?
True
Suppose 3*n + 4*y = 158, 0*y + y - 51 = -n. Is n composite?
True
Let d(x) = x**3 - 6*x**2 - 2*x + 8. Let t be d(6). Let z be (-2)/1 - (t - -2). Suppose -4*c - 43 = -3*k, 0 = -4*c - z - 4. Is k prime?
True
Let b(l) = l**3 + 6*l**2 - 3*l + 2. Let y be b(-6). Let a = -10 + 15. Suppose -108 = 2*j - 6*j - 5*x, 0 = a*x - y. Is j prime?
False
Let n be 1*-2 + 4/2. Suppose 3*p = u - 554 + 196, n = 2*p - u + 237. Let w = -54 - p. Is w a compo